{"id":50,"date":"2026-02-06T16:30:44","date_gmt":"2026-02-06T15:30:44","guid":{"rendered":"http:\/\/bv.entwurfsansicht.de\/?page_id=50"},"modified":"2026-02-06T07:53:42","modified_gmt":"2026-02-06T06:53:42","slug":"agb","status":"publish","type":"page","link":"https:\/\/www.bauchvital.de\/staging-website\/agb\/","title":{"rendered":"AGB"},"content":{"rendered":"\t\t<div data-elementor-type=\"wp-page\" data-elementor-id=\"50\" class=\"elementor elementor-50\">\n\t\t\t\t<div class=\"elementor-element elementor-element-553ac250 e-flex e-con-boxed e-con e-parent\" data-id=\"553ac250\" data-element_type=\"container\" data-e-type=\"container\">\n\t\t\t\t\t<div class=\"e-con-inner\">\n\t\t<div class=\"elementor-element elementor-element-cd6b340 e-con-full e-flex e-con e-child\" data-id=\"cd6b340\" data-element_type=\"container\" data-e-type=\"container\">\n\t\t\t\t<div class=\"elementor-element elementor-element-bd4b562 elementor-widget elementor-widget-heading\" data-id=\"bd4b562\" data-element_type=\"widget\" data-e-type=\"widget\" data-widget_type=\"heading.default\">\n\t\t\t\t\t<h2 class=\"elementor-heading-title elementor-size-default\">AGB<\/h2>\t\t\t\t<\/div>\n\t\t\t\t<div class=\"elementor-element elementor-element-5ef675d elementor-widget elementor-widget-text-editor\" data-id=\"5ef675d\" data-element_type=\"widget\" data-e-type=\"widget\" data-widget_type=\"text-editor.default\">\n\t\t\t\t\t\t\t\t\t<p><strong>Im Folgenden werden die Vertragsbedingungen im Rahmen von Kaufvertr\u00e4gen geregelt, die \u00fcber diesen Onlineshop zwischen Laktonova GmbH, Bienenweg 23, 26188 Edewecht-Friedrichsfehn und dem jeweiligen K\u00e4ufer geschlossen werden.<\/strong><\/p><p>\u00a0<\/p><p class=\"p1\"><b>\u00a7 1 Geltungsbereich, Begriffsbestimmungen<\/b><\/p><p class=\"p2\">1. F\u00fcr die Gesch\u00e4ftsbeziehung zwischen dem Webshop-Verk\u00e4ufer (nachfolgend \u201eVerk\u00e4ufer\u201c) und dem K\u00e4ufer (nachfolgend \u201eKunde\u201c) gelten die nachfolgenden Allgemeinen Gesch\u00e4ftsbedingungen in ihrer zum Zeitpunkt der Bestellung g\u00fcltigen Fassung. Abweichende Bedingungen des Bestellers werden nicht anerkannt, es sei denn, der Verk\u00e4ufer stimmt ihrer Geltung ausdr\u00fccklich zu.<\/p><p class=\"p2\">2. Verbraucher ist jede nat\u00fcrliche Person, die ein Rechtsgesch\u00e4ft zu Zwecken abschlie\u00dft, die \u00fcberwiegend weder ihrer gewerblichen noch ihrer selbstst\u00e4ndigen beruflichen T\u00e4tigkeit zugerechnet werden k\u00f6nnen, \u00a7 13 BGB. Dagegen ist Unternehmer jede nat\u00fcrliche oder juristische Person oder rechtsf\u00e4hige Personengesellschaft, die bei Abschluss eines Rechtsgesch\u00e4fts in Aus\u00fcbung ihrer gewerblichen oder selbst\u00e4ndigen beruflichen T\u00e4tigkeit handelt, \u00a7 14 BGB.<\/p><p class=\"p1\"><b>\u00a7 2 Vertragsschluss<\/b><\/p><p class=\"p2\">Sofern im Folgenden von Waren die Rede ist, sind hiervon \u2013 sofern angeboten \u2013 auch digitale Produkte (digitale Inhalte oder digitale Dienstleistungen) sowie Waren mit digitalen Elementen umfasst<\/p><p class=\"p2\">1. Die Darstellung der Waren im Online-Shop stellt kein rechtlich bindendes Angebot, sondern nur eine Aufforderung zur Abgabe eines Angebots durch den Kunden dar. Der Kunde kann aus dem Sortiment des Verk\u00e4ufers Waren ausw\u00e4hlen und diese \u00fcber den &#8211; den Warenkorb betreffenden Button &#8211; in einem sogenannten Warenkorb sammeln. \u00dcber den f\u00fcr den Abschluss des Kaufvertrages erforderlichen Button gibt er einen verbindlichen Antrag zum Kauf der im Warenkorb befindlichen Waren ab. Vor Abschicken der Bestellung kann der Kunde die Daten jederzeit \u00e4ndern und einsehen. Der Kunde kann jederzeit vor einer verbindlichen Bestellung durch Bet\u00e4tigung des \u201eZur\u00fcck-Buttons\u201c im Browser auf die Seite gelangen, auf der seine Daten erfasst worden sind. Eingabefehler k\u00f6nnen hier berichtigt werden. Durch Schlie\u00dfen des Internetbrowsers kann der Bestellvorgang abgebrochen werden. Der Antrag kann jedoch nur abgegeben und \u00fcbermittelt werden, wenn der Kunde diese Vertragsbedingungen akzeptiert und dadurch in seinen Antrag aufgenommen hat.<\/p><p class=\"p2\">2. Die Best\u00e4tigung des Eingangs der Bestellung des Kunden erfolgt zusammen mit der Annahme der Bestellung unmittelbar nach dem Absenden durch eine automatisierte E-Mail. Mit dieser E-Mail-Best\u00e4tigung ist der Kaufvertrag zustande gekommen.<\/p><p class=\"p2\">Hat der Kunde eine Zahlungsart mit sofortiger Zahlung gew\u00e4hlt (wie z.B. PayPal \/ Paypal Plus \/ PayPal Express, Amazon-Payments, Sofort\u00fcberweisung), kommt der Vertrag zum Zeitpunkt der Best\u00e4tigung der Zahlungsanweisung durch den Kunden zustande. Hat der Kunde die Zahlungsart Vorkasse gew\u00e4hlt, kommt der Vertrag bereits dann zustande, wenn der Kunde vor der Annahmeerkl\u00e4rung durch den Verk\u00e4ufer eine Zahlungsaufforderung mit den entsprechenden Bankdaten erh\u00e4lt. Mit dieser Zahlungsaufforderung nehmen wir Ihr Angebot an.<\/p><p class=\"p2\">3. Mit der E-Mail (Eingangsbest\u00e4tigung und Annahme der Bestellung) oder in einer separaten E-Mail, jedoch sp\u00e4testens bei Lieferung der Ware, wird dem Kunden der Vertragstext sowie etwaige Garantiebedingungen auf einem dauerhaften Datentr\u00e4ger (E-Mail oder Papierausdruck) zugesandt. Der Vertragstext wird unter Wahrung des Datenschutzes gespeichert. Die aktuellen AGB des Verk\u00e4ufers k\u00f6nnen vom Kunden jederzeit auch unter https:\/\/www.bauchvital.de\/agb\/ eingesehen werden. Vergangene Bestellungen sind im Kundenbereich unter https:\/\/www.bauchvital.de\/mein-konto\/orders\/ ersichtlich.<\/p><p class=\"p1\"><b>\u00a7 3 Anfertigung von Waren nach Kundenvorgaben<\/b><\/p><p class=\"p2\">Wir fertigen keine Waren nach Kundenvorgaben an.<\/p><p class=\"p1\"><b>\u00a7 4 Beginn Lieferfrist, Lieferung, Bereitstellung digitaler Inhalte<\/b><\/p><p class=\"p2\">1. Die Frist f\u00fcr die Lieferung beginnt bei Zahlung per Vorkasse am Tag nach Erteilung des Zahlungsauftrags an das \u00fcberweisende Kreditinstitut bzw. bei anderen Zahlungsarten am Tag nach Vertragsschluss zu laufen und endet mit dem Ablauf des letzten Tages der Frist. F\u00e4llt der letzte Tag der Frist auf einen Samstag, Sonntag oder einen am Lieferort staatlich anerkannten allgemeinen Feiertag, so tritt an die Stelle eines solchen Tages der n\u00e4chste Werktag.<\/p><p class=\"p2\">2. Die Zustellung erfolgt an die vom Kunden angegebene Lieferadresse.<\/p><p class=\"p2\">3. Sofern eine Zustellung beim Kunden nicht m\u00f6glich war und das Transportunternehmen die bestellte Ware wieder an den Verk\u00e4ufer zur\u00fccksendet, tr\u00e4gt der Kunde die Kosten f\u00fcr den erfolglosen Versand. Dies gilt nicht, wenn der Kunde den Umstand, der zur Unm\u00f6glichkeit der Zustellung gef\u00fchrt hat, nicht zu vertreten hat oder wenn er vor\u00fcbergehend an der Annahme der angebotenen Leistung verhindert war, es sei denn, dass der Verk\u00e4ufer ihm diese eine angemessene Zeit vorher angek\u00fcndigt hatte.<\/p><p class=\"p1\"><b>\u00a7 5 Eigentumsvorbehalt<\/b><\/p><p class=\"p2\">Bis zur vollst\u00e4ndigen Bezahlung verbleiben die gelieferten Waren im Eigentum des Verk\u00e4ufers.<\/p><p class=\"p1\"><b>\u00a7 6 Preise und Versandkosten<\/b><\/p><p class=\"p2\">1. Die auf der Webseite des Verk\u00e4ufers angegebenen Preise verstehen sich einschlie\u00dflich der jeweils g\u00fcltigen gesetzlichen Umsatzsteuer.<\/p><p class=\"p2\">Richten sich<span class=\"Apple-converted-space\">\u00a0 <\/span>die Angebote des Webshops ausschlie\u00dflich an andere Unternehmer, verstehen sich die Preise zuz\u00fcglich der jeweils g\u00fcltigen gesetzlichen Umsatzsteuer.<\/p><p class=\"p2\">2. Anfallende Versand- und Lieferkosten werden w\u00e4hrend des Bestellvorgangs ausgewiesen und sind \u2013 sofern nicht anders angegeben &#8211; vom Kunden zu tragen.<\/p><p class=\"p2\">F\u00fcr Verbraucher gilt:<\/p><p class=\"p2\">3a. Der Versand der Ware erfolgt durch ein vom Verk\u00e4ufer beauftragtes Transportunternehmen. Das Versandrisiko tr\u00e4gt der Verk\u00e4ufer, wenn der Kunde Verbraucher ist.<\/p><p class=\"p2\">F\u00fcr Unternehmer gilt:<\/p><p class=\"p2\">3b. Der Versand der Ware erfolgt durch ein vom Verk\u00e4ufer beauftragtes Transportunternehmen. Die Gefahr des zuf\u00e4lligen Untergangs oder der zuf\u00e4lligen Verschlechterung der Kaufsache geht auf den K\u00e4ufer \u00fcber, sobald der Verk\u00e4ufer die Sache dem Spediteur, dem Frachtf\u00fchrer oder der sonst zur Ausf\u00fchrung der Versendung bestimmten Person oder Anstalt \u00fcbergeben hat.<\/p><p class=\"p1\"><b>\u00a7 7 Zahlungsmodalit\u00e4ten<\/b><\/p><p class=\"p2\">1. W\u00e4hrend des Bestellvorgangs werden dem Kunden die zur Verf\u00fcgung stehen Zahlungsoptionen angezeigt. Hierbei kann es sich z.B. um Zahlungsoptionen wie Vorauskasse, Kreditkarte oder die Nutzung von Zahldienstleistern wie z.B. PayPal, Klarna oder Amazon Pay handeln. W\u00e4hrend des Bestellvorgangs erh\u00e4lt der Kunde weitere Informationen. Der Verk\u00e4ufer kann die zur Verf\u00fcgung stehenden Zahlungsoptionen nach eigenem Ermessen festlegen.<\/p><p class=\"p2\">2. Die Zahlung des Kaufpreises ist unmittelbar nach Vertragsschluss f\u00e4llig, wenn kein sp\u00e4terer F\u00e4lligkeitstermin zwischen den Parteien vereinbart worden ist. Ist die F\u00e4lligkeit der Zahlung nach dem Kalender bestimmt, so kommt der Kunde bereits durch Vers\u00e4umung des Termins in Verzug.<\/p><p class=\"p2\">F\u00fcr Verbraucher gilt:<\/p><p class=\"p2\">2a. Punkt 2 gilt nur,<span class=\"Apple-converted-space\">\u00a0 <\/span>sofern der Kunde auf diese Rechtsfolge in der Rechnung oder Zahlungsaufstellung besonders hingewiesen worden ist. In<span class=\"Apple-converted-space\">\u00a0 <\/span>Fall des Verzugs hat der Kunde dem Verk\u00e4ufer Verzugszinsen in H\u00f6he von 5 Prozentpunkten \u00fcber dem jeweiligen Basiszinssatz zu zahlen.<\/p><p class=\"p2\">F\u00fcr Unternehmer gilt:<\/p><p class=\"p2\">2b. Im Falle des Verzugs hat der Kunde dem Verk\u00e4ufer Verzugszinsen in H\u00f6he von 9 Prozentpunkten \u00fcber dem Basiszinssatz zu zahlen.<\/p><p class=\"p2\">3. Die Verpflichtung des Kunden zur Zahlung von Verzugszinsen schlie\u00dft die Geltendmachung weiterer Verzugssch\u00e4den durch den Verk\u00e4ufer nicht aus.<\/p><p class=\"p1\"><b>\u00a7 8 Sachm\u00e4ngelgew\u00e4hrleistung, Garantie<\/b><\/p><p class=\"p2\">1. Bei allen Waren des Verk\u00e4ufers bestehen die gesetzlichen Gew\u00e4hrleistungsrechte. Der Verk\u00e4ufer haftet f\u00fcr Sachm\u00e4ngel nach den hierf\u00fcr geltenden gesetzlichen Vorschriften, insbesondere den \u00a7\u00a7 434 ff. BGB.<\/p><p class=\"p2\">2. Gegen\u00fcber Unternehmern betr\u00e4gt die Gew\u00e4hrleistungspflicht auf vom Verk\u00e4ufer gelieferte neu hergestellte Sachen 12 Monate ab Gefahren\u00fcbergang. Die Verj\u00e4hrungsfristen f\u00fcr den Verk\u00e4uferregress nach \u00a7 445a BGB bleiben unber\u00fchrt.<\/p><p class=\"p2\">3. Eine zus\u00e4tzliche Garantie besteht bei den vom Verk\u00e4ufer gelieferten Waren nur, wenn diese ausdr\u00fccklich in der Auftragsbest\u00e4tigung zu dem jeweiligen Artikel abgegeben wurde. Der Umfang einer etwaigen Garantie ist den jeweiligen Garantiebestimmungen zu entnehmen.<\/p><p class=\"p1\"><b>\u00a7 9 Haftung<\/b><\/p><p class=\"p2\">1. Anspr\u00fcche des Kunden auf Schadensersatz sind ausgeschlossen. Hiervon ausgenommen sind Schadensersatzanspr\u00fcche des Kunden aus der Verletzung des Lebens, des K\u00f6rpers, der Gesundheit oder aus der Verletzung wesentlicher Vertragspflichten (Kardinalpflichten) sowie die Haftung f\u00fcr sonstige Sch\u00e4den, die auf einer vors\u00e4tzlichen oder grob fahrl\u00e4ssigen Pflichtverletzung des Verk\u00e4ufers, seiner gesetzlichen Vertreter oder Erf\u00fcllungsgehilfen beruhen. Wesentliche Vertragspflichten sind solche, deren Erf\u00fcllung zur Erreichung des Ziels des Vertrags notwendig ist.<\/p><p class=\"p2\">2. Bei der Verletzung wesentlicher Vertragspflichten haftet der Verk\u00e4ufer nur auf den vertragstypischen, vorhersehbaren Schaden, wenn dieser einfach fahrl\u00e4ssig verursacht wurde, es sei denn, es handelt sich um Schadensersatzanspr\u00fcche des Kunden aus einer Verletzung des Lebens, des K\u00f6rpers oder der Gesundheit.<\/p><p class=\"p2\">3. Die Einschr\u00e4nkungen der Abs. 1 und 2 gelten auch zugunsten der gesetzlichen Vertreter und Erf\u00fcllungsgehilfen des Verk\u00e4ufers, wenn Anspr\u00fcche direkt gegen diese geltend gemacht werden.<\/p><p class=\"p2\">4. Die Vorschriften des Produkthaftungsgesetzes bleiben unber\u00fchrt.<\/p><p class=\"p1\"><b>\u00a7 10 Widerrufsrecht<\/b><\/p><p class=\"p2\">Sofern es sich bei dem Kunden um einen Verbraucher handelt, steht ihm ein gesetzliches Widerrufsrecht zu. N\u00e4here Informationen zum Widerrufsrecht sind der Widerrufsbelehrung zu entnehmen.<\/p><p class=\"p1\"><b>\u00a7 11 Hinweise zur Datenverarbeitung<\/b><\/p><p class=\"p2\">Der Datenschutz ist uns besonders wichtig. Deshalb finden Sie unsere ausf\u00fchrliche Datenschutzerkl\u00e4rung gesondert auf unserer Homepage.<\/p><p class=\"p1\"><b>\u00a7 12 Verhaltenskodex \u00a0<\/b><\/p><p class=\"p2\">Der Verk\u00e4ufer hat sich dem Verhaltenskodex von\u00a0Gepr\u00fcfter Webshop\u00a0unterworfen, die im Internet unter https:\/\/www.gepruefter-webshop.de\/verhaltenscodex\/ einsehbar sind.<\/p><p class=\"p1\"><b>\u00a7 13 H\u00f6here Gewalt<\/b><\/p><p class=\"p2\">1. \u201eH\u00f6here Gewalt\u201c bedeutet das Eintreten eines Ereignisses, das eine Partei daran hindert, eine oder mehrere ihrer vertraglichen Verpflichtungen aus dem Vertrag zu erf\u00fcllen, wenn und sowie die von dem Hindernis betroffene Partei nachweist, dass es sich um ein von au\u00dfen kommendes, keinen betrieblichen Zusammenhang aufweisendes, auch durch \u00e4u\u00dferste vern\u00fcnftigerweise zu erwartende Sorgfalt nicht abwendbare Ereignis handelt, das nicht in die Risikosph\u00e4re nur der betroffenen Vertragspartei f\u00e4llt.<\/p><p class=\"p2\">2. Bis zum Beweis des Gegenteils wird bei den folgenden (nicht abschlie\u00dfenden) Ereignissen vermutet, dass es sich um einen Fall \u201eh\u00f6herer Gewalt\u201c handelt:<\/p><p class=\"p2\">&#8211; Krieg, umfangreiche milit\u00e4rische Mobilisierung, Feindseligkeiten, Angriff, Handlungen ausl\u00e4ndischer Feinde, B\u00fcrgerkrieg, Aufruhr, Aufstand, Terrorakte, Sabotage oder Piraterie;<\/p><p class=\"p2\">&#8211; W\u00e4hrungs- und Handelsbeschr\u00e4nkungen, Embargo, Sanktionen;<\/p><p class=\"p2\">&#8211; Pandemie, Epidemie, oder infekti\u00f6se Krankheiten unter Ber\u00fccksichtigung des vom Robert-Koch-Institut festgelegten Gefahrenniveaus von mindestens \u201em\u00e4\u00dfig\u201c bzw. der Einsch\u00e4tzung der Weltgesundheitsorganisation WHO;<\/p><p class=\"p2\">&#8211; Naturkatastrophe oder extremes Naturereignis;<\/p><p class=\"p2\">&#8211; Explosion, Feuer, Zerst\u00f6rung von Ausr\u00fcstung, l\u00e4ngerer Ausfall von Transportmitteln, Telekommunikation, Informationssystemen oder Energie;<\/p><p class=\"p2\">&#8211; Allgemeine Arbeitsunruhen wie Boykott, Streik und Aussperrung, Besetzung von Fabriken und Geb\u00e4uden.<\/p><p class=\"p2\">3. In F\u00e4llen h\u00f6herer Gewalt ist die hiervon betroffene Vertragspartei f\u00fcr die Dauer und im Umfang der Auswirkung von der Verpflichtung zur Lieferung oder Abnahme bzw. von der Erbringung der Dienstleistung befreit, sofern dies unverz\u00fcglich mitgeteilt wird. Erfolgt die Mitteilung nicht unverz\u00fcglich, so wird die Befreiung von dem Zeitpunkt an wirksam, zu dem die Mitteilung die andere Partei erreicht. Die Befreiung von der Verpflichtung zur Lieferung oder Abnahme gilt so lange, wie das geltend gemachte Hindernis die Vertragserf\u00fcllung durch die betroffene Partei verhindert.<\/p><p class=\"p2\">K\u00e4ufer sind verpflichtet den Verk\u00e4ufer unverz\u00fcglich, sp\u00e4testens jedoch nach 14 Tagen zu informieren, wenn eine Bestellung unbeantwortet und\/ oder unbearbeitet bleibt, wenn der K\u00e4ufer aber an der Bestellung festhalten wollen. Diese Information muss schriftlich per E-Mail oder Brief erfolgen, in jedem Fall auf die Weise, die sicherstellt, dass der Verk\u00e4ufer das Informationsschreiben erh\u00e4lt.<\/p><p class=\"p2\">4. Sofern nichts anderes vereinbart ist, kann der Vertrag von jeder Partei gek\u00fcndigt werden, wenn die Dauer des Hindernisses 120 Tage \u00fcberschreitet. Im Falle einer K\u00fcndigung sind die bis dahin jeweils erbrachten Leistungen zu erstatten.<\/p><p class=\"p2\">5. Die betroffene Partei hat alle geeigneten und zumutbaren Ma\u00dfnahmen zu ergreifen, den Zustand der h\u00f6heren Gewalt zu beseitigen sowie die bei der anderen Vertragspartei eingetretenen oder drohend einzutretenden, negativen Folgen der h\u00f6heren Gewalt zu mildern.<\/p><p class=\"p2\">6. Sofern es sich bei dem Vertragsgegenstand um eine zu erbringende Dienstleistung der betroffenen Partei handelt, ist diese berechtigt, die Erbringung der Dienstleistung neu festzulegen. Sollte innerhalb von 120 Tagen nach Beginn des Ereignisses kein Ersatztermin angeboten oder angenommen werden k\u00f6nnen, so kann der Vertrag von jeder Partei gek\u00fcndigt werden und bereits erhaltene Leistungen sind zur\u00fcckzugew\u00e4hren.<\/p><p class=\"p2\">7. Sofern es sich bei dem Vertragsgegenstand um eine Veranstaltung handelt, ist der Veranstalter berechtigt, Zeitpunkt und Veranstaltungort neu festzulegen. Sollte der Teilnehmer das neue Angebot nicht annehmen k\u00f6nnen, unerheblich aus welchem Grund, steht ihm ein Ersatztermin zu. Sollte innerhalb von 120 Tagen nach Beginn des Ereignisses kein Ersatztermin angeboten oder angenommen werden k\u00f6nnen, so kann der Vertrag von jeder Partei gek\u00fcndigt werden und bereits erhaltene Leistungen sind zur\u00fcckzugew\u00e4hren.<\/p><p class=\"p1\"><b>\u00a7 14 Schlussbestimmungen<\/b><\/p><p class=\"p2\">1. Auf Vertr\u00e4ge zwischen dem Verk\u00e4ufer und den Kunden findet das Recht der Bundesrepublik Deutschland unter Ausschluss des UN-Kaufrechts Anwendung. Bei Bestellungen von Verbrauchern aus dem Ausland bleiben zwingende Vorschriften oder der durch Richterrecht gew\u00e4hrte Schutz des jeweiligen Aufenthaltslandes bestehen und finden entsprechende Anwendung.<\/p><p class=\"p2\">2. Sofern es sich beim Kunden um einen Kaufmann, eine juristische Person des \u00f6ffentlichen Rechts oder um ein \u00f6ffentlich-rechtliches Sonderverm\u00f6gen handelt, ist Gerichtsstand f\u00fcr alle Streitigkeiten aus Vertragsverh\u00e4ltnissen zwischen dem Kunden und dem Anbieter der Sitz des Anbieters.<\/p><p class=\"p2\">3. Die Vertragssprache ist Deutsch.<\/p><p class=\"p1\"><b>Hinweis zum Urheberrecht:<\/b><\/p><p class=\"p2\">Diese AGB wurden von den Vertragsanw\u00e4lten der TISKO Consulting GmbH ( https:\/\/www.Gepruefter-Webshop.de ) erstellt und unterliegen dem urheberrechtlichen Schutz. Eine weitere Verwendung, als der vertraglichen Vereinbarung oder das Kopieren und unberechtigte Nutzen der Texte wird nicht gestattet und stellt eine Urheberrechtsverletzung dar, die rechtlich geahndet wird.<\/p><p class=\"p3\">\u00a0<\/p><p>Diese AGB wurden von <a href=\"https:\/\/www.gepruefter-webshop.de\">www.gepruefter-webshop.de<\/a> erstellt und werden regelm\u00e4\u00dfig auf Rechtssicherheit kontrolliert.<\/p>\t\t\t\t\t\t\t\t<\/div>\n\t\t\t\t<\/div>\n\t\t\t\t\t<\/div>\n\t\t\t\t<\/div>\n\t\t\t\t<\/div>\n\t\t","protected":false},"excerpt":{"rendered":"<p>AGB Im Folgenden werden die Vertragsbedingungen im Rahmen von Kaufvertr\u00e4gen geregelt, die \u00fcber diesen Onlineshop zwischen Laktonova GmbH, Bienenweg 23, 26188 Edewecht-Friedrichsfehn und dem jeweiligen K\u00e4ufer geschlossen werden. \u00a0 \u00a7 1 Geltungsbereich, Begriffsbestimmungen 1. F\u00fcr die Gesch\u00e4ftsbeziehung zwischen dem Webshop-Verk\u00e4ufer (nachfolgend \u201eVerk\u00e4ufer\u201c) und dem K\u00e4ufer (nachfolgend \u201eKunde\u201c) gelten die nachfolgenden Allgemeinen Gesch\u00e4ftsbedingungen in ihrer zum [&hellip;]<\/p>\n","protected":false},"author":81,"featured_media":0,"parent":0,"menu_order":0,"comment_status":"closed","ping_status":"closed","template":"elementor_header_footer","meta":{"site-sidebar-layout":"default","site-content-layout":"","ast-site-content-layout":"default","site-content-style":"default","site-sidebar-style":"default","ast-global-header-display":"","ast-banner-title-visibility":"","ast-main-header-display":"","ast-hfb-above-header-display":"","ast-hfb-below-header-display":"","ast-hfb-mobile-header-display":"","site-post-title":"disabled","ast-breadcrumbs-content":"","ast-featured-img":"","footer-sml-layout":"","ast-disable-related-posts":"","theme-transparent-header-meta":"","adv-header-id-meta":"","stick-header-meta":"","header-above-stick-meta":"","header-main-stick-meta":"","header-below-stick-meta":"","astra-migrate-meta-layouts":"default","ast-page-background-enabled":"default","ast-page-background-meta":{"desktop":{"background-color":"var(--ast-global-color-5)","background-image":"","background-repeat":"repeat","background-position":"center center","background-size":"auto","background-attachment":"scroll","background-type":"","background-media":"","overlay-type":"","overlay-color":"","overlay-opacity":"","overlay-gradient":""},"tablet":{"background-color":"","background-image":"","background-repeat":"repeat","background-position":"center center","background-size":"auto","background-attachment":"scroll","background-type":"","background-media":"","overlay-type":"","overlay-color":"","overlay-opacity":"","overlay-gradient":""},"mobile":{"background-color":"","background-image":"","background-repeat":"repeat","background-position":"center center","background-size":"auto","background-attachment":"scroll","background-type":"","background-media":"","overlay-type":"","overlay-color":"","overlay-opacity":"","overlay-gradient":""}},"ast-content-background-meta":{"desktop":{"background-color":"var(--ast-global-color-4)","background-image":"","background-repeat":"repeat","background-position":"center center","background-size":"auto","background-attachment":"scroll","background-type":"","background-media":"","overlay-type":"","overlay-color":"","overlay-opacity":"","overlay-gradient":""},"tablet":{"background-color":"var(--ast-global-color-4)","background-image":"","background-repeat":"repeat","background-position":"center center","background-size":"auto","background-attachment":"scroll","background-type":"","background-media":"","overlay-type":"","overlay-color":"","overlay-opacity":"","overlay-gradient":""},"mobile":{"background-color":"var(--ast-global-color-4)","background-image":"","background-repeat":"repeat","background-position":"center center","background-size":"auto","background-attachment":"scroll","background-type":"","background-media":"","overlay-type":"","overlay-color":"","overlay-opacity":"","overlay-gradient":""}},"footnotes":""},"class_list":["post-50","page","type-page","status-publish","hentry"],"_links":{"self":[{"href":"https:\/\/www.bauchvital.de\/staging-website\/wp-json\/wp\/v2\/pages\/50","targetHints":{"allow":["GET"]}}],"collection":[{"href":"https:\/\/www.bauchvital.de\/staging-website\/wp-json\/wp\/v2\/pages"}],"about":[{"href":"https:\/\/www.bauchvital.de\/staging-website\/wp-json\/wp\/v2\/types\/page"}],"author":[{"embeddable":true,"href":"https:\/\/www.bauchvital.de\/staging-website\/wp-json\/wp\/v2\/users\/81"}],"replies":[{"embeddable":true,"href":"https:\/\/www.bauchvital.de\/staging-website\/wp-json\/wp\/v2\/comments?post=50"}],"version-history":[{"count":6,"href":"https:\/\/www.bauchvital.de\/staging-website\/wp-json\/wp\/v2\/pages\/50\/revisions"}],"predecessor-version":[{"id":18911,"href":"https:\/\/www.bauchvital.de\/staging-website\/wp-json\/wp\/v2\/pages\/50\/revisions\/18911"}],"wp:attachment":[{"href":"https:\/\/www.bauchvital.de\/staging-website\/wp-json\/wp\/v2\/media?parent=50"}],"curies":[{"name":"wp","href":"https:\/\/api.w.org\/{rel}","templated":true}]}}